 of ((-1)/2)/(20/(-55920))?
8
Suppose -407*h + 62755 = -396*h. What is the units digit of h?
5
Let b(i) = 24*i - 9. Suppose 4*o - 8 = 2*o. What is the units digit of b(o)?
7
Let v be 6/4 - (-125)/10. Let j(q) = 2*q - 5*q - 10*q**2 + 11*q**2 - 16 - v*q**2 - q**3. What is the units digit of j(-13)?
3
Suppose -1232 - 328 = -5*h. Suppose -h = 19*q - 22*q. What is the tens digit of q?
0
Let n be (6/(-9))/(2/(-15)). Suppose -g + 2*g = 3*h + 5, 4*g - n*h = 41. What is the tens digit of g?
1
Let w be 0/(-1) + (11 - -2). Let n = 25 - w. What is the units digit of n + (-1 - -5 - 1)?
5
Let d be 4/6*8*6. Suppose 3*v = -g - 0*v + d, -2*v + 37 = g. What is the tens digit of g?
4
Let m(a) = 52*a**2 - 2*a + 1. Let l = 32 + -55. Let h = l - -24. What is the tens digit of m(h)?
5
Let l be 35/14 + 2/(-4). Suppose 3*m - 329 = -o, 2*m + 0*m + l*o - 222 = 0. What is the hundreds digit of m?
1
Suppose 2*v + 2*c + 2*c - 176 = 0, 0 = -4*v + 5*c + 287. Suppose -d = 5*d + v. Let b(t) = -5*t - 1. What is the tens digit of b(d)?
6
Let d(b) = 3*b**2 - 1. Let a be (4/2)/(-6 - -4). Let h be d(a). Suppose -h*k + k = -57. What is the tens digit of k?
5
Suppose -4*m + 1 = -h, 5*m - 13 = 2*h - 2. Let c(r) = -r - 7. Let p be c(h). Suppose 8*k - p*k = 22. What is the tens digit of k?
1
Suppose -3*k + 5*k = 0. Suppose -120 + 40 = 4*j - 4*y, 2*j - y = -36. What is the tens digit of 4 - (1 + k + j)?
1
What is the hundreds digit of (15/(270/(-696)))/((-6)/423)?
7
Let l(t) = 4*t**2 + t + 4. Let y be (-2)/10 + (-357)/(-85). What is the units digit of l(y)?
2
Let p(g) = 4*g + 12. Let l be p(-2). Let w = 84 - -15. Suppose -3*o - 3*t = -w, -2*o + 79 = l*t + 9. What is the tens digit of o?
3
Let x(d) = -d**2 - 16*d + 31. Suppose 0 = -9*k + 3*k - 90. What is the units digit of x(k)?
6
Suppose 10*v = 13869 + 431. What is the thousands digit of v?
1
What is the thousands digit of (7638/4)/(-3)*-2?
1
Let n = 453 - -2988. What is the hundreds digit of n?
4
Let c(m) = 4*m**2 + 22*m - 67. Let q(x) = 3*x**2 + 23*x - 68. Let f(b) = -4*c(b) + 5*q(b). What is the units digit of f(21)?
4
Suppose -4*h - 5 = 11, -3*r = 5*h + 290. Let y be (-78)/10*r/(-6). Let g = -52 - y. What is the tens digit of g?
6
Suppose 7*y - 3*x + 37 = 2*y, 3*x + 13 = -5*y. Let q(g) = 6*g**2 - 4. What is the tens digit of q(y)?
4
Suppose 0 = -2*v + v + 238. What is the tens digit of v?
3
Let z(i) be the third derivative of -i**6/120 + i**5/4 - 7*i**4/12 + 7*i**3/2 - 7*i**2. Suppose x = -r - 2*r - 1, 4*r = -20. What is the tens digit of z(x)?
2
Let a(c) be the third derivative of -c**7/1680 - c**6/144 - c**5/10 - 4*c**2. Let p(n) be the third derivative of a(n). What is the tens digit of p(-5)?
1
Let d(v) = -v + 46. Let x be d(-24). Let g = x - 42. What is the tens digit of g?
2
Let n(m) = 27*m**3 + m**2 - m + 2. Let j be n(1). Suppose 0 = 3*i + 20 - j. Suppose 18 = 4*h + i*d - 53, 19 = h + d. What is the units digit of h?
4
Let s(i) = i**3 + 11*i**2 + 42*i + 317. What is the tens digit of s(-9)?
0
Let q(b) = 89*b - 71. What is the units digit of q(5)?
4
Suppose -8 = 4*v, 2*v + v = -4*x - 206. Let s = 27 - x. What is the units digit of s?
7
What is the tens digit of (-325)/(-6) - (-2)/(-12)?
5
Suppose 3118 = x - 3*j, 2*j + 4325 = 2*x - 1911. What is the thousands digit of x?
3
Let t = -43 + 43. Suppose t = 4*r + 2*d - 568, 3*d - 3 - 9 = 0. What is the units digit of r?
0
Let i(g) = -g**2 + 8*g + 6. Let v be i(-7). Let t = v + 150. What is the units digit of t?
1
Let s(h) = -6*h - 10. Let l be 7/(-14)*14/1. What is the units digit of s(l)?
2
Suppose -34*c = -448 - 5264. What is the units digit of c?
8
Let z = 147 + -63. Let d(t) = 3*t**3 + 5*t**2 + 2*t. Let i be d(-3). Let s = z + i. What is the tens digit of s?
4
Let d(q) = -7*q - 8. Suppose 0 = -0*s - 2*s. Suppose 2*o - o + 4 = s. What is the tens digit of d(o)?
2
Let n(v) = 470*v**2 - 12*v - 39. What is the hundreds digit of n(-3)?
2
Suppose -10 = 3*h - 5*h. Suppose -h*i + 183 + 92 = -3*z, 5 = z. What is the units digit of i?
8
Let z(q) = -q**3 - 14*q**2 + 15*q. Let v be z(-15). Suppose -4*x + k + 313 = v, 4*k - 7 = 5. What is the units digit of x?
9
Suppose 0 = 3*s + s + 4056. What is the tens digit of ((-6)/18)/(2/s)?
6
Suppose 2982 = 5*u + c, -2*u = 6*c - c - 1202. What is the units digit of u?
6
Let l = -13 - -395. What is the units digit of l?
2
Let p(w) = -2*w - 5. Let v(t) = t - 1. Let o(y) = p(y) + 5*v(y). Let d be o(4). What is the units digit of 1 + d + 5 - 3?
5
Let g = 28 - 31. What is the tens digit of 0 - g - (0 - 92)?
9
Suppose 76797 = -159*o + 182*o. What is the units digit of o?
9
Let k(j) = j. Let x(a) = 20. Let b(u) = -3*k(u) + x(u). What is the units digit of b(-9)?
7
Suppose -1795 - 3301 = -4*y + m, -y + 1289 = -4*m. What is the hundreds digit of y?
2
Suppose 9*p - 96 = 5*p. Let r = 69 - p. What is the tens digit of r?
4
Let l = 352 + -248. Let m = l - 23. What is the units digit of m?
1
Let l = 147 + -143. What is the units digit of 182*-3*l*(-5)/40?
3
Let t(m) = 7*m + 24. Let f be t(-3). Suppose 0 = i - 4*i - f*x + 669, 442 = 2*i + x. What is the tens digit of i?
1
Let i(n) = 15*n**2 - 2*n - 12. Let t be i(-7). Suppose -5*o + 16 = -v + 145, -2*o - t = -5*v. What is the tens digit of v?
4
Let c = 821 + -342. What is the units digit of c?
9
Suppose 0*k = 6*k - 1674. Let d = k - 177. What is the tens digit of d?
0
Let y(m) = -2*m**2 - 10*m - 1. Let c be y(-4). Suppose -972 = -c*t + t. Suppose 5*s = -q + 318, q - 93 = -4*s + t. What is the units digit of s?
3
Let i = -224 - -74. Let x = 228 + i. What is the units digit of x?
8
Let b(w) = -5*w + 18. Let z be b(3). Suppose -z*u + 12 = -51. What is the units digit of u?
1
Let h be 942/(-22) + 0 + (-6)/33. Let g = 119 + h. What is the units digit of g?
6
Suppose -3*i + 730 + 80 = 0. What is the units digit of i + 5 + 0 - 1?
4
Let o(d) = 2*d**2 + d - 30. Suppose 0 = -0*u - 7*u + 77. What is the units digit of o(u)?
3
Let l be (-2 + (-12)/(-4))/1. Let u(d) = 3*d**3 + d**2 - 2*d - 8. Let w(x) = -x**3 - x**2 + x + 1. Let q(m) = l*u(m) + 4*w(m). What is the units digit of q(-4)?
4
Suppose 101*x - 196631 = 100814. What is the hundreds digit of x?
9
Let c = 6 + -15. Let m = c + 14. Suppose m*o - 56 = 3*d + 40, -2*o + 4*d + 44 = 0. What is the tens digit of o?
1
Let m(r) = 231*r - 20. What is the hundreds digit of m(2)?
4
Let f(d) = -10*d + 62. What is the hundreds digit of f(-24)?
3
Let s(j) = 2*j**2 + 2*j - 4. Let m be s(-2). Suppose w + 2 = 4*y - 14, -4*w - 16 = m. What is the units digit of y?
3
Let k = 598 - 191. What is the tens digit of k?
0
Let s = 704 - 386. What is the units digit of s?
8
Suppose 52*j = 8*j + 65648. What is the units digit of j?
2
Suppose -2 = l + 3, 3*a - 4*l = 20. Suppose -d + 175 = -a*d. What is the hundreds digit of d?
1
Let s(v) = v**2 + 1. Let n be (2 + 1)*(-10)/15. Let c be s(n). Suppose c*f - 111 - 34 = 0. What is the units digit of f?
9
Suppose -2*v = -4*v - 4, -3*a + v = -245. Let j = a + -19. What is the tens digit of j?
6
Suppose 2*z - 6704 = 3*c, -5*z + 21*c = 16*c - 16750. What is the tens digit of z?
4
Let o(j) = 2*j**2 - 6*j - 10. Let r be ((-2)/(-3) + -3)/(1/(-3)). What is the units digit of o(r)?
6
Let r(m) = m**2 - 14*m + 17. Let t be r(13). Suppose 0 = -4*h - t, -2*h + 0*h = 5*n - 353. What is the units digit of n?
1
Let x(h) = h + 12. Let k be x(-6). Let l(r) = -7*r**2 + 4*r**2 + k + 6*r + 4*r**2. What is the tens digit of l(-8)?
2
Suppose -98 = -3*j + 319. What is the units digit of j?
9
Let c = 1155 - 798. Let o = -207 + c. Suppose 4*t = 30 + o. What is the tens digit of t?
4
Suppose 0 = -3*x + 5*g - 8, 3*x - 6 = -2*g + 14. Suppose t + 131 = 4*p, -2*p - 2*p + x*t + 140 = 0. What is the tens digit of p?
3
Let y(x) = -126*x. Let j be y(-4). Suppose -4*d + 64 = -d - 4*t, 3*t + 60 = 3*d. What is the units digit of 3/(-2) + j/d?
0
What is the tens digit of (-122946)/155*10/(-4)?
8
Let j(u) = 41*u + 8. Let w(r) = -2*r + 30. Let l be w(14). What is the units digit of j(l)?
0
Suppose x - 3780 = -5*y + 5842, 0 = 4*y - 2*x - 7706. What is the units digit of y?
5
Let z be (-1 + 3 + -4)*(-25)/(-10). Let v = z - -18. What is the tens digit of v?
1
Let l(q) be the first derivative of q**5/120 + 7*q**4/6 + 4*q**3/3 - 6. Let a(f) be the third derivative of l(f). What is the units digi